{"id":1177,"date":"2020-11-13T12:52:35","date_gmt":"2020-11-13T10:52:35","guid":{"rendered":"http:\/\/www.escolamafalda.cat\/avis-legal\/"},"modified":"2023-04-15T07:34:59","modified_gmt":"2023-04-15T05:34:59","slug":"avis-legal","status":"publish","type":"page","link":"https:\/\/www.escolamafalda.cat\/en\/avis-legal\/","title":{"rendered":"Aviso legal"},"content":{"rendered":"\n<style type=\"text\/css\" data-created_by=\"avia_inline_auto\" id=\"style-css-av-kj757vjf-77ee56b070a403312b8c13e0728c66f1\">\n.avia-section.av-kj757vjf-77ee56b070a403312b8c13e0728c66f1{\nbackground-color:#f6f7fa;\nbackground-image:unset;\n}\n<\/style>\n<div id='av_section_1'  class='avia-section av-kj757vjf-77ee56b070a403312b8c13e0728c66f1 main_color avia-section-default avia-no-border-styling  avia-builder-el-0  el_before_av_textblock  avia-builder-el-first  avia-bg-style-scroll container_wrap sidebar_right'  ><div class='container av-section-cont-open' ><main  role=\"main\" itemprop=\"mainContentOfPage\"  class='template-page content  av-content-small alpha units'><div class='post-entry post-entry-type-page post-entry-1177'><div class='entry-content-wrapper clearfix'>\n\n<style type=\"text\/css\" data-created_by=\"avia_inline_auto\" id=\"style-css-av-kk77w3wh-16fe520b703acd5c09fce887e5004821\">\n#top .av-special-heading.av-kk77w3wh-16fe520b703acd5c09fce887e5004821{\npadding-bottom:10px;\n}\nbody .av-special-heading.av-kk77w3wh-16fe520b703acd5c09fce887e5004821 .av-special-heading-tag .heading-char{\nfont-size:25px;\n}\n.av-special-heading.av-kk77w3wh-16fe520b703acd5c09fce887e5004821 .av-subheading{\nfont-size:15px;\n}\n<\/style>\n<div  class='av-special-heading av-kk77w3wh-16fe520b703acd5c09fce887e5004821 av-special-heading-h1 blockquote modern-quote  avia-builder-el-1  avia-builder-el-no-sibling '><h1 class='av-special-heading-tag '  itemprop=\"headline\"  >Avis legal<\/h1><div class=\"special-heading-border\"><div class=\"special-heading-inner-border\"><\/div><\/div><\/div>\n<\/div><\/div><\/main><!-- close content main element --><\/div><\/div><div id='after_section_1'  class='main_color av_default_container_wrap container_wrap sidebar_right'  ><div class='container av-section-cont-open' ><div class='template-page content  av-content-small alpha units'><div class='post-entry post-entry-type-page post-entry-1177'><div class='entry-content-wrapper clearfix'>\n<section  class='av_textblock_section av-aagj5-0d83f76db30eb554509cfa3d6f7f47ea '   itemscope=\"itemscope\" itemtype=\"https:\/\/schema.org\/CreativeWork\" ><div class='avia_textblock'  itemprop=\"text\" ><h2>Identificaci\u00f3n del Prestador de Servicios:<\/h2>\n<p><span style=\"font-weight: 400;\">En cumplimiento con el deber de informaci\u00f3n general que, recogido en el art\u00edculo 10 de la Ley 34\/2002, de 11 de julio, de Servicios de la Sociedad de la Informaci\u00f3n y de Comercio Electr\u00f3nico, deben ofrecer los prestadores de servicios de la sociedad de informaci\u00f3n, a continuaci\u00f3n se reflejan los siguientes datos:<\/span><\/p>\n<p><span style=\"font-weight: 400;\">La empresa titular del website www.escolamafalda.cat es Associaci\u00f3 Pedag\u00f2gica Mafalda con <em>C.I.F: G64638844<\/em> y direcci\u00f3n en Rambla Poblenou, 157 08018 Barcelona<\/span><\/p>\n<p><span style=\"font-size: 28px; font-weight: 600;\">Aviso sobre la Pol\u00edtica de Privacidad de los datos:<\/span><\/p>\n<p><span style=\"font-weight: 400;\">A efectos de lo previsto en el Reglamento (UE) <em>2016\/679<\/em> del Parlamento Europeo y del Consejo de 27 de abril de 2017 (RGPD), informamos a los usuarios que los datos personales introducidos voluntariamente ser\u00e1n guardados en el tratamiento Usuarios@web cuya finalidad es la de que Associaci\u00f3 Pedag\u00f2gica Mafalda pueda ofrecerles los servicios que m\u00e1s se adecuen a sus necesidades y preferencias.<\/span><\/p>\n<p><span style=\"font-weight: 400;\">Associaci\u00f3 Pedag\u00f2gica Mafalda garantiza la seguridad y confidencialidad de los datos facilitados. De este modo, se compromete al cumplimiento de su obligaci\u00f3n de secreto de los datos de car\u00e1cter personal y de su deber de guardarlos y adoptar todas las medidas necesarias para evitar su alteraci\u00f3n, p\u00e9rdida,<\/span><\/p>\n<p><span style=\"font-weight: 400;\">tratamiento o uso no autorizado. Por lo tanto, toda la informaci\u00f3n que nos facilite no ser\u00e1 cedida a terceros salvo que en los casos que por obligaci\u00f3n legal as\u00ed haya que hacerlo o para la correcta prestaci\u00f3n de los servicios contratados.<\/span><\/p>\n<p><span style=\"font-weight: 400;\">Usted podr\u00e1 en todo momento ejercitar los derechos de acceso, rectificaci\u00f3n, cancelaci\u00f3n, oposici\u00f3n, portabilidad y derecho al olvido comunic\u00e1ndolo porescrito a nuestra direcci\u00f3n de correo electr\u00f3nico: escolainfantilmafalda@gmail.com<\/span><\/p>\n<p><span style=\"font-size: 28px; font-weight: 600;\">Varios:<\/span><\/p>\n<p><span style=\"font-weight: 400;\"><strong>A.-<\/strong> Associaci\u00f3 Pedag\u00f2gica Mafalda utiliza cookies que se quedar\u00e1n almacenadas en el ordenador. Las cookies son peque\u00f1os archivos que nuestro ordenador env\u00eda al suyo, pero que no nos proporcionan informaci\u00f3n ni sobre su nombre, ni sobre cualquier dato de car\u00e1cter personal suyo. Cuando el usuario se encuentre navegando por las p\u00e1ginas web de Associaci\u00f3 Pedag\u00f2gica Mafalda el servidor donde se encuentra alojada reconoce autom\u00e1ticamente la direcci\u00f3n IP de su ordenador, el d\u00eda y la hora en la que comienza la visita, en la que abandona la visita, as\u00ed como informaci\u00f3n sobre las distintas secciones consultadas. Es necesario que el servidor conozca estos datos para poder comunicarse y enviarle la<\/span><\/p>\n<p><span style=\"font-weight: 400;\">petici\u00f3n realizada y que a trav\u00e9s del navegador se pueda ver en la pantalla.<\/span><\/p>\n<p><span style=\"font-weight: 400;\"><strong>B.-<\/strong> Associaci\u00f3 Pedag\u00f2gica Mafalda podr\u00e1 modificar, sin previo aviso, la informaci\u00f3n contenida en su sitio web, as\u00ed como su configuraci\u00f3n y presentaci\u00f3n.<\/span><\/p>\n<p><span style=\"font-weight: 400;\"><strong>C.-<\/strong> Associaci\u00f3 Pedag\u00f2gica Mafalda no se hace responsable del incumplimiento de cualquier norma aplicable en que pueda incurrir el usuario en su acceso al sitio web y\/o en el uso de las informaciones contenidas en el mismo.<\/span><\/p>\n<\/div><\/section>\n","protected":false},"excerpt":{"rendered":"","protected":false},"author":1,"featured_media":0,"parent":0,"menu_order":0,"comment_status":"closed","ping_status":"closed","template":"","meta":{"footnotes":""},"class_list":["post-1177","page","type-page","status-publish","hentry"],"yoast_head":"<!-- This site is optimized with the Yoast SEO plugin v27.4 - https:\/\/yoast.com\/product\/yoast-seo-wordpress\/ -->\n<title>Aviso legal - Escola Mafalda<\/title>\n<meta name=\"robots\" content=\"index, follow, max-snippet:-1, max-image-preview:large, max-video-preview:-1\" \/>\n<link rel=\"canonical\" href=\"https:\/\/www.escolamafalda.cat\/en\/avis-legal\/\" \/>\n<meta property=\"og:locale\" content=\"en_US\" \/>\n<meta property=\"og:type\" content=\"article\" \/>\n<meta property=\"og:title\" content=\"Aviso legal - Escola Mafalda\" \/>\n<meta property=\"og:url\" content=\"https:\/\/www.escolamafalda.cat\/en\/avis-legal\/\" \/>\n<meta property=\"og:site_name\" content=\"Escola Mafalda\" \/>\n<meta property=\"article:modified_time\" content=\"2023-04-15T05:34:59+00:00\" \/>\n<meta name=\"twitter:card\" content=\"summary_large_image\" \/>\n<script type=\"application\/ld+json\" class=\"yoast-schema-graph\">{\"@context\":\"https:\\\/\\\/schema.org\",\"@graph\":[{\"@type\":\"WebPage\",\"@id\":\"https:\\\/\\\/www.escolamafalda.cat\\\/en\\\/avis-legal\\\/\",\"url\":\"https:\\\/\\\/www.escolamafalda.cat\\\/en\\\/avis-legal\\\/\",\"name\":\"Aviso legal - Escola Mafalda\",\"isPartOf\":{\"@id\":\"https:\\\/\\\/www.escolamafalda.cat\\\/en\\\/#website\"},\"datePublished\":\"2020-11-13T10:52:35+00:00\",\"dateModified\":\"2023-04-15T05:34:59+00:00\",\"breadcrumb\":{\"@id\":\"https:\\\/\\\/www.escolamafalda.cat\\\/en\\\/avis-legal\\\/#breadcrumb\"},\"inLanguage\":\"en-US\",\"potentialAction\":[{\"@type\":\"ReadAction\",\"target\":[\"https:\\\/\\\/www.escolamafalda.cat\\\/en\\\/avis-legal\\\/\"]}]},{\"@type\":\"BreadcrumbList\",\"@id\":\"https:\\\/\\\/www.escolamafalda.cat\\\/en\\\/avis-legal\\\/#breadcrumb\",\"itemListElement\":[{\"@type\":\"ListItem\",\"position\":1,\"name\":\"Inici\",\"item\":\"https:\\\/\\\/www.escolamafalda.cat\\\/en\\\/\"},{\"@type\":\"ListItem\",\"position\":2,\"name\":\"Aviso legal\"}]},{\"@type\":\"WebSite\",\"@id\":\"https:\\\/\\\/www.escolamafalda.cat\\\/en\\\/#website\",\"url\":\"https:\\\/\\\/www.escolamafalda.cat\\\/en\\\/\",\"name\":\"Escola Mafalda\",\"description\":\"escola infantil autoritzada pel Departament d\u2019Ensenyament de la Generalitat de Catalunya\",\"potentialAction\":[{\"@type\":\"SearchAction\",\"target\":{\"@type\":\"EntryPoint\",\"urlTemplate\":\"https:\\\/\\\/www.escolamafalda.cat\\\/en\\\/?s={search_term_string}\"},\"query-input\":{\"@type\":\"PropertyValueSpecification\",\"valueRequired\":true,\"valueName\":\"search_term_string\"}}],\"inLanguage\":\"en-US\"}]}<\/script>\n<!-- \/ Yoast SEO plugin. -->","yoast_head_json":{"title":"Aviso legal - Escola Mafalda","robots":{"index":"index","follow":"follow","max-snippet":"max-snippet:-1","max-image-preview":"max-image-preview:large","max-video-preview":"max-video-preview:-1"},"canonical":"https:\/\/www.escolamafalda.cat\/en\/avis-legal\/","og_locale":"en_US","og_type":"article","og_title":"Aviso legal - Escola Mafalda","og_url":"https:\/\/www.escolamafalda.cat\/en\/avis-legal\/","og_site_name":"Escola Mafalda","article_modified_time":"2023-04-15T05:34:59+00:00","twitter_card":"summary_large_image","schema":{"@context":"https:\/\/schema.org","@graph":[{"@type":"WebPage","@id":"https:\/\/www.escolamafalda.cat\/en\/avis-legal\/","url":"https:\/\/www.escolamafalda.cat\/en\/avis-legal\/","name":"Aviso legal - Escola Mafalda","isPartOf":{"@id":"https:\/\/www.escolamafalda.cat\/en\/#website"},"datePublished":"2020-11-13T10:52:35+00:00","dateModified":"2023-04-15T05:34:59+00:00","breadcrumb":{"@id":"https:\/\/www.escolamafalda.cat\/en\/avis-legal\/#breadcrumb"},"inLanguage":"en-US","potentialAction":[{"@type":"ReadAction","target":["https:\/\/www.escolamafalda.cat\/en\/avis-legal\/"]}]},{"@type":"BreadcrumbList","@id":"https:\/\/www.escolamafalda.cat\/en\/avis-legal\/#breadcrumb","itemListElement":[{"@type":"ListItem","position":1,"name":"Inici","item":"https:\/\/www.escolamafalda.cat\/en\/"},{"@type":"ListItem","position":2,"name":"Aviso legal"}]},{"@type":"WebSite","@id":"https:\/\/www.escolamafalda.cat\/en\/#website","url":"https:\/\/www.escolamafalda.cat\/en\/","name":"Escola Mafalda","description":"escola infantil autoritzada pel Departament d\u2019Ensenyament de la Generalitat de Catalunya","potentialAction":[{"@type":"SearchAction","target":{"@type":"EntryPoint","urlTemplate":"https:\/\/www.escolamafalda.cat\/en\/?s={search_term_string}"},"query-input":{"@type":"PropertyValueSpecification","valueRequired":true,"valueName":"search_term_string"}}],"inLanguage":"en-US"}]}},"_links":{"self":[{"href":"https:\/\/www.escolamafalda.cat\/en\/wp-json\/wp\/v2\/pages\/1177","targetHints":{"allow":["GET"]}}],"collection":[{"href":"https:\/\/www.escolamafalda.cat\/en\/wp-json\/wp\/v2\/pages"}],"about":[{"href":"https:\/\/www.escolamafalda.cat\/en\/wp-json\/wp\/v2\/types\/page"}],"author":[{"embeddable":true,"href":"https:\/\/www.escolamafalda.cat\/en\/wp-json\/wp\/v2\/users\/1"}],"replies":[{"embeddable":true,"href":"https:\/\/www.escolamafalda.cat\/en\/wp-json\/wp\/v2\/comments?post=1177"}],"version-history":[{"count":2,"href":"https:\/\/www.escolamafalda.cat\/en\/wp-json\/wp\/v2\/pages\/1177\/revisions"}],"predecessor-version":[{"id":1229,"href":"https:\/\/www.escolamafalda.cat\/en\/wp-json\/wp\/v2\/pages\/1177\/revisions\/1229"}],"wp:attachment":[{"href":"https:\/\/www.escolamafalda.cat\/en\/wp-json\/wp\/v2\/media?parent=1177"}],"curies":[{"name":"wp","href":"https:\/\/api.w.org\/{rel}","templated":true}]}}

<style type="text/css" data-created_by="avia_inline_auto" id="style-css-av-kj757vjf-77ee56b070a403312b8c13e0728c66f1">
.avia-section.av-kj757vjf-77ee56b070a403312b8c13e0728c66f1{
background-color:#f6f7fa;
background-image:unset;
}
</style>
<div id='av_section_1'  class='avia-section av-kj757vjf-77ee56b070a403312b8c13e0728c66f1 main_color avia-section-default avia-no-border-styling  avia-builder-el-0  el_before_av_textblock  avia-builder-el-first  avia-bg-style-scroll container_wrap sidebar_right'  ><div class='container av-section-cont-open' ><main  role="main" itemprop="mainContentOfPage"  class='template-page content  av-content-small alpha units'><div class='post-entry post-entry-type-page post-entry-1177'><div class='entry-content-wrapper clearfix'>

<style type="text/css" data-created_by="avia_inline_auto" id="style-css-av-kk77w3wh-16fe520b703acd5c09fce887e5004821">
#top .av-special-heading.av-kk77w3wh-16fe520b703acd5c09fce887e5004821{
padding-bottom:10px;
}
body .av-special-heading.av-kk77w3wh-16fe520b703acd5c09fce887e5004821 .av-special-heading-tag .heading-char{
font-size:25px;
}
.av-special-heading.av-kk77w3wh-16fe520b703acd5c09fce887e5004821 .av-subheading{
font-size:15px;
}
</style>
<div  class='av-special-heading av-kk77w3wh-16fe520b703acd5c09fce887e5004821 av-special-heading-h1 blockquote modern-quote  avia-builder-el-1  avia-builder-el-no-sibling '><h1 class='av-special-heading-tag '  itemprop="headline"  >Avis legal</h1><div class="special-heading-border"><div class="special-heading-inner-border"></div></div></div>
</div></div></main><!-- close content main element --></div></div><div id='after_section_1'  class='main_color av_default_container_wrap container_wrap sidebar_right'  ><div class='container av-section-cont-open' ><div class='template-page content  av-content-small alpha units'><div class='post-entry post-entry-type-page post-entry-1177'><div class='entry-content-wrapper clearfix'>
<section  class='av_textblock_section av-aagj5-0d83f76db30eb554509cfa3d6f7f47ea '   itemscope="itemscope" itemtype="https://schema.org/CreativeWork" ><div class='avia_textblock'  itemprop="text" ><h2>Identificación del Prestador de Servicios:</h2>
<p><span style="font-weight: 400;">En cumplimiento con el deber de información general que, recogido en el artículo 10 de la Ley 34/2002, de 11 de julio, de Servicios de la Sociedad de la Información y de Comercio Electrónico, deben ofrecer los prestadores de servicios de la sociedad de información, a continuación se reflejan los siguientes datos:</span></p>
<p><span style="font-weight: 400;">La empresa titular del website www.escolamafalda.cat es Associació Pedagògica Mafalda con <em>C.I.F: G64638844</em> y dirección en Rambla Poblenou, 157 08018 Barcelona</span></p>
<p><span style="font-size: 28px; font-weight: 600;">Aviso sobre la Política de Privacidad de los datos:</span></p>
<p><span style="font-weight: 400;">A efectos de lo previsto en el Reglamento (UE) <em>2016/679</em> del Parlamento Europeo y del Consejo de 27 de abril de 2017 (RGPD), informamos a los usuarios que los datos personales introducidos voluntariamente serán guardados en el tratamiento Usuarios@web cuya finalidad es la de que Associació Pedagògica Mafalda pueda ofrecerles los servicios que más se adecuen a sus necesidades y preferencias.</span></p>
<p><span style="font-weight: 400;">Associació Pedagògica Mafalda garantiza la seguridad y confidencialidad de los datos facilitados. De este modo, se compromete al cumplimiento de su obligación de secreto de los datos de carácter personal y de su deber de guardarlos y adoptar todas las medidas necesarias para evitar su alteración, pérdida,</span></p>
<p><span style="font-weight: 400;">tratamiento o uso no autorizado. Por lo tanto, toda la información que nos facilite no será cedida a terceros salvo que en los casos que por obligación legal así haya que hacerlo o para la correcta prestación de los servicios contratados.</span></p>
<p><span style="font-weight: 400;">Usted podrá en todo momento ejercitar los derechos de acceso, rectificación, cancelación, oposición, portabilidad y derecho al olvido comunicándolo porescrito a nuestra dirección de correo electrónico: escolainfantilmafalda@gmail.com</span></p>
<p><span style="font-size: 28px; font-weight: 600;">Varios:</span></p>
<p><span style="font-weight: 400;"><strong>A.-</strong> Associació Pedagògica Mafalda utiliza cookies que se quedarán almacenadas en el ordenador. Las cookies son pequeños archivos que nuestro ordenador envía al suyo, pero que no nos proporcionan información ni sobre su nombre, ni sobre cualquier dato de carácter personal suyo. Cuando el usuario se encuentre navegando por las páginas web de Associació Pedagògica Mafalda el servidor donde se encuentra alojada reconoce automáticamente la dirección IP de su ordenador, el día y la hora en la que comienza la visita, en la que abandona la visita, así como información sobre las distintas secciones consultadas. Es necesario que el servidor conozca estos datos para poder comunicarse y enviarle la</span></p>
<p><span style="font-weight: 400;">petición realizada y que a través del navegador se pueda ver en la pantalla.</span></p>
<p><span style="font-weight: 400;"><strong>B.-</strong> Associació Pedagògica Mafalda podrá modificar, sin previo aviso, la información contenida en su sitio web, así como su configuración y presentación.</span></p>
<p><span style="font-weight: 400;"><strong>C.-</strong> Associació Pedagògica Mafalda no se hace responsable del incumplimiento de cualquier norma aplicable en que pueda incurrir el usuario en su acceso al sitio web y/o en el uso de las informaciones contenidas en el mismo.</span></p>
</div></section>
