{"id":1196,"date":"2020-10-21T21:22:49","date_gmt":"2020-10-21T19:22:49","guid":{"rendered":"http:\/\/www.escolamafalda.cat\/formulari-dinscripcio\/"},"modified":"2025-09-07T21:01:36","modified_gmt":"2025-09-07T19:01:36","slug":"reservar-una-visita","status":"publish","type":"page","link":"https:\/\/www.escolamafalda.cat\/es\/reservar-una-visita\/","title":{"rendered":"Reservar una visita"},"content":{"rendered":"\n<style type=\"text\/css\" data-created_by=\"avia_inline_auto\" id=\"style-css-av-kj757vjf-77ee56b070a403312b8c13e0728c66f1\">\n.avia-section.av-kj757vjf-77ee56b070a403312b8c13e0728c66f1{\nbackground-color:#f6f7fa;\nbackground-image:unset;\n}\n<\/style>\n<div id='av_section_1'  class='avia-section av-kj757vjf-77ee56b070a403312b8c13e0728c66f1 main_color avia-section-default avia-no-border-styling  avia-builder-el-0  el_before_av_section  avia-builder-el-first  avia-bg-style-scroll container_wrap sidebar_right'  ><div class='container av-section-cont-open' ><main  role=\"main\" itemprop=\"mainContentOfPage\"  class='template-page content  av-content-small alpha units'><div class='post-entry post-entry-type-page post-entry-1196'><div class='entry-content-wrapper clearfix'>\n\n<style type=\"text\/css\" data-created_by=\"avia_inline_auto\" id=\"style-css-av-tdow-f4af0a41f637547f6f31653276c18d52\">\n#top .av-special-heading.av-tdow-f4af0a41f637547f6f31653276c18d52{\npadding-bottom:10px;\n}\nbody .av-special-heading.av-tdow-f4af0a41f637547f6f31653276c18d52 .av-special-heading-tag .heading-char{\nfont-size:25px;\n}\n.av-special-heading.av-tdow-f4af0a41f637547f6f31653276c18d52 .av-subheading{\nfont-size:15px;\n}\n<\/style>\n<div  class='av-special-heading av-tdow-f4af0a41f637547f6f31653276c18d52 av-special-heading-h1 blockquote modern-quote  avia-builder-el-1  el_before_av_textblock  avia-builder-el-first '><h1 class='av-special-heading-tag '  itemprop=\"headline\"  >\u00bfQuieres venir a visitarnos?<\/h1><div class=\"special-heading-border\"><div class=\"special-heading-inner-border\"><\/div><\/div><\/div>\n\n<style type=\"text\/css\" data-created_by=\"avia_inline_auto\" id=\"style-css-av-kj757r8y-733eb22ccdc1b7bda6ebd93b94c1941b\">\n#top .av_textblock_section.av-kj757r8y-733eb22ccdc1b7bda6ebd93b94c1941b .avia_textblock{\nfont-size:18px;\n}\n<\/style>\n<section  class='av_textblock_section av-kj757r8y-733eb22ccdc1b7bda6ebd93b94c1941b '   itemscope=\"itemscope\" itemtype=\"https:\/\/schema.org\/CreativeWork\" ><div class='avia_textblock'  itemprop=\"text\" ><p>Gracias por el inter\u00e9s, si has llegado a esta p\u00e1gina es porque quieres reservar una visita guiada a la Escuela Infantil Mafalda.<\/p>\n<\/div><\/section>\n\n<\/div><\/div><\/main><!-- close content main element --><\/div><\/div><div id='av_section_2'  class='avia-section av-kj757vjf-2-36427030b494f25313b499316a0923ee main_color avia-section-default avia-no-border-styling  avia-builder-el-3  el_after_av_section  avia-builder-el-last  avia-bg-style-scroll container_wrap sidebar_right'  ><div class='container av-section-cont-open' ><div class='template-page content  av-content-small alpha units'><div class='post-entry post-entry-type-page post-entry-1196'><div class='entry-content-wrapper clearfix'>\n\n<style type=\"text\/css\" data-created_by=\"avia_inline_auto\" id=\"style-css-av-1fq60-b5435fc746c55602b97f44523dcee0f1\">\n.flex_column.av-1fq60-b5435fc746c55602b97f44523dcee0f1{\nborder-radius:0px 0px 0px 0px;\npadding:0px 0px 0px 0px;\n}\n<\/style>\n<div  class='flex_column av-1fq60-b5435fc746c55602b97f44523dcee0f1 av_one_full  avia-builder-el-4  el_before_av_one_full  avia-builder-el-first  first flex_column_div av-zero-column-padding  '     ><section  class='av_textblock_section av-kj757r8y-1-b437f5d9b80abe79b7a6d6e2f1fea7c6 '   itemscope=\"itemscope\" itemtype=\"https:\/\/schema.org\/CreativeWork\" ><div class='avia_textblock'  itemprop=\"text\" ><p>Reserva tu cita y tendr\u00e1s la oportunidad de conocer las instalaciones, as\u00ed como nuestro proyecto educativo, de manera presencial o virtual. Tendr\u00e1s una conversaci\u00f3n personalizada con nuestro equipo para poder resolver todas tus dudas.<\/p>\n<p><strong>Te esperamos!<\/strong><\/p>\n<blockquote>\n<p>Rellena el formulario y nos pondremos en contacto contigo lo antes posible.<\/p>\n<\/blockquote>\n<\/div><\/section><\/div>\n<style type=\"text\/css\" data-created_by=\"avia_inline_auto\" id=\"style-css-av-r2l8-56f5df2f3f9cef6f1067d126a283be30\">\n.flex_column.av-r2l8-56f5df2f3f9cef6f1067d126a283be30{\nborder-radius:0px 0px 0px 0px;\npadding:0px 0px 0px 0px;\n}\n<\/style>\n<div  class='flex_column av-r2l8-56f5df2f3f9cef6f1067d126a283be30 av_one_full  avia-builder-el-6  el_after_av_one_full  avia-builder-el-last  first flex_column_div av-zero-column-padding  column-top-margin'     ><p>\n<style type=\"text\/css\" data-created_by=\"avia_inline_auto\" id=\"style-css-av-mbys8pz6-fbbf9985283cef0d78f94cb6dd14f9f5\">\n#top .av_textblock_section.av-mbys8pz6-fbbf9985283cef0d78f94cb6dd14f9f5 .avia_textblock{\ncolor:#b02b2c;\n}\n<\/style>\n<section  class='av_textblock_section av-mbys8pz6-fbbf9985283cef0d78f94cb6dd14f9f5 '   itemscope=\"itemscope\" itemtype=\"https:\/\/schema.org\/CreativeWork\" ><div class='av-desktop-hide av-medium-hide av-small-hide av-mini-hide avia_textblock av_inherit_color'  itemprop=\"text\" ><p>El formulario para visitar la escuela est\u00e1 cerrado y volver\u00e1 a estar disponible en septiembre. \u00a1Gracias por tu inter\u00e9s!<\/p>\n<\/div><\/section><br \/>\n<\/p><\/div><\/div><\/div><\/div><!-- close content main div --><\/div><\/div><div id='after_section_2'  class='main_color av_default_container_wrap container_wrap sidebar_right'  ><div class='container av-section-cont-open' ><div class='template-page content  av-content-small alpha units'><div class='post-entry post-entry-type-page post-entry-1196'><div class='entry-content-wrapper clearfix'>\n","protected":false},"excerpt":{"rendered":"","protected":false},"author":1,"featured_media":0,"parent":0,"menu_order":0,"comment_status":"closed","ping_status":"closed","template":"","meta":{"footnotes":""},"class_list":["post-1196","page","type-page","status-publish","hentry"],"yoast_head":"<!-- This site is optimized with the Yoast SEO plugin v27.4 - https:\/\/yoast.com\/product\/yoast-seo-wordpress\/ -->\n<title>Reservar una visita - Escola Mafalda<\/title>\n<meta name=\"robots\" content=\"index, follow, max-snippet:-1, max-image-preview:large, max-video-preview:-1\" \/>\n<link rel=\"canonical\" href=\"https:\/\/www.escolamafalda.cat\/es\/reservar-una-visita\/\" \/>\n<meta property=\"og:locale\" content=\"es_ES\" \/>\n<meta property=\"og:type\" content=\"article\" \/>\n<meta property=\"og:title\" content=\"Reservar una visita - Escola Mafalda\" \/>\n<meta property=\"og:url\" content=\"https:\/\/www.escolamafalda.cat\/es\/reservar-una-visita\/\" \/>\n<meta property=\"og:site_name\" content=\"Escola Mafalda\" \/>\n<meta property=\"article:modified_time\" content=\"2025-09-07T19:01:36+00:00\" \/>\n<meta name=\"twitter:card\" content=\"summary_large_image\" \/>\n<meta name=\"twitter:label1\" content=\"Tiempo de lectura\" \/>\n\t<meta name=\"twitter:data1\" content=\"1 minuto\" \/>\n<script type=\"application\/ld+json\" class=\"yoast-schema-graph\">{\"@context\":\"https:\\\/\\\/schema.org\",\"@graph\":[{\"@type\":\"WebPage\",\"@id\":\"https:\\\/\\\/www.escolamafalda.cat\\\/es\\\/reservar-una-visita\\\/\",\"url\":\"https:\\\/\\\/www.escolamafalda.cat\\\/es\\\/reservar-una-visita\\\/\",\"name\":\"Reservar una visita - Escola Mafalda\",\"isPartOf\":{\"@id\":\"https:\\\/\\\/www.escolamafalda.cat\\\/es\\\/#website\"},\"datePublished\":\"2020-10-21T19:22:49+00:00\",\"dateModified\":\"2025-09-07T19:01:36+00:00\",\"breadcrumb\":{\"@id\":\"https:\\\/\\\/www.escolamafalda.cat\\\/es\\\/reservar-una-visita\\\/#breadcrumb\"},\"inLanguage\":\"es\",\"potentialAction\":[{\"@type\":\"ReadAction\",\"target\":[\"https:\\\/\\\/www.escolamafalda.cat\\\/es\\\/reservar-una-visita\\\/\"]}]},{\"@type\":\"BreadcrumbList\",\"@id\":\"https:\\\/\\\/www.escolamafalda.cat\\\/es\\\/reservar-una-visita\\\/#breadcrumb\",\"itemListElement\":[{\"@type\":\"ListItem\",\"position\":1,\"name\":\"Inici\",\"item\":\"https:\\\/\\\/www.escolamafalda.cat\\\/es\\\/\"},{\"@type\":\"ListItem\",\"position\":2,\"name\":\"Reservar una visita\"}]},{\"@type\":\"WebSite\",\"@id\":\"https:\\\/\\\/www.escolamafalda.cat\\\/es\\\/#website\",\"url\":\"https:\\\/\\\/www.escolamafalda.cat\\\/es\\\/\",\"name\":\"Escola Mafalda\",\"description\":\"escola infantil autoritzada pel Departament d\u2019Ensenyament de la Generalitat de Catalunya\",\"potentialAction\":[{\"@type\":\"SearchAction\",\"target\":{\"@type\":\"EntryPoint\",\"urlTemplate\":\"https:\\\/\\\/www.escolamafalda.cat\\\/es\\\/?s={search_term_string}\"},\"query-input\":{\"@type\":\"PropertyValueSpecification\",\"valueRequired\":true,\"valueName\":\"search_term_string\"}}],\"inLanguage\":\"es\"}]}<\/script>\n<!-- \/ Yoast SEO plugin. -->","yoast_head_json":{"title":"Reservar una visita - Escola Mafalda","robots":{"index":"index","follow":"follow","max-snippet":"max-snippet:-1","max-image-preview":"max-image-preview:large","max-video-preview":"max-video-preview:-1"},"canonical":"https:\/\/www.escolamafalda.cat\/es\/reservar-una-visita\/","og_locale":"es_ES","og_type":"article","og_title":"Reservar una visita - Escola Mafalda","og_url":"https:\/\/www.escolamafalda.cat\/es\/reservar-una-visita\/","og_site_name":"Escola Mafalda","article_modified_time":"2025-09-07T19:01:36+00:00","twitter_card":"summary_large_image","twitter_misc":{"Tiempo de lectura":"1 minuto"},"schema":{"@context":"https:\/\/schema.org","@graph":[{"@type":"WebPage","@id":"https:\/\/www.escolamafalda.cat\/es\/reservar-una-visita\/","url":"https:\/\/www.escolamafalda.cat\/es\/reservar-una-visita\/","name":"Reservar una visita - Escola Mafalda","isPartOf":{"@id":"https:\/\/www.escolamafalda.cat\/es\/#website"},"datePublished":"2020-10-21T19:22:49+00:00","dateModified":"2025-09-07T19:01:36+00:00","breadcrumb":{"@id":"https:\/\/www.escolamafalda.cat\/es\/reservar-una-visita\/#breadcrumb"},"inLanguage":"es","potentialAction":[{"@type":"ReadAction","target":["https:\/\/www.escolamafalda.cat\/es\/reservar-una-visita\/"]}]},{"@type":"BreadcrumbList","@id":"https:\/\/www.escolamafalda.cat\/es\/reservar-una-visita\/#breadcrumb","itemListElement":[{"@type":"ListItem","position":1,"name":"Inici","item":"https:\/\/www.escolamafalda.cat\/es\/"},{"@type":"ListItem","position":2,"name":"Reservar una visita"}]},{"@type":"WebSite","@id":"https:\/\/www.escolamafalda.cat\/es\/#website","url":"https:\/\/www.escolamafalda.cat\/es\/","name":"Escola Mafalda","description":"escola infantil autoritzada pel Departament d\u2019Ensenyament de la Generalitat de Catalunya","potentialAction":[{"@type":"SearchAction","target":{"@type":"EntryPoint","urlTemplate":"https:\/\/www.escolamafalda.cat\/es\/?s={search_term_string}"},"query-input":{"@type":"PropertyValueSpecification","valueRequired":true,"valueName":"search_term_string"}}],"inLanguage":"es"}]}},"_links":{"self":[{"href":"https:\/\/www.escolamafalda.cat\/es\/wp-json\/wp\/v2\/pages\/1196","targetHints":{"allow":["GET"]}}],"collection":[{"href":"https:\/\/www.escolamafalda.cat\/es\/wp-json\/wp\/v2\/pages"}],"about":[{"href":"https:\/\/www.escolamafalda.cat\/es\/wp-json\/wp\/v2\/types\/page"}],"author":[{"embeddable":true,"href":"https:\/\/www.escolamafalda.cat\/es\/wp-json\/wp\/v2\/users\/1"}],"replies":[{"embeddable":true,"href":"https:\/\/www.escolamafalda.cat\/es\/wp-json\/wp\/v2\/comments?post=1196"}],"version-history":[{"count":32,"href":"https:\/\/www.escolamafalda.cat\/es\/wp-json\/wp\/v2\/pages\/1196\/revisions"}],"predecessor-version":[{"id":2975,"href":"https:\/\/www.escolamafalda.cat\/es\/wp-json\/wp\/v2\/pages\/1196\/revisions\/2975"}],"wp:attachment":[{"href":"https:\/\/www.escolamafalda.cat\/es\/wp-json\/wp\/v2\/media?parent=1196"}],"curies":[{"name":"wp","href":"https:\/\/api.w.org\/{rel}","templated":true}]}}

<style type="text/css" data-created_by="avia_inline_auto" id="style-css-av-kj757vjf-77ee56b070a403312b8c13e0728c66f1">
.avia-section.av-kj757vjf-77ee56b070a403312b8c13e0728c66f1{
background-color:#f6f7fa;
background-image:unset;
}
</style>
<div id='av_section_1'  class='avia-section av-kj757vjf-77ee56b070a403312b8c13e0728c66f1 main_color avia-section-default avia-no-border-styling  avia-builder-el-0  el_before_av_section  avia-builder-el-first  avia-bg-style-scroll container_wrap sidebar_right'  ><div class='container av-section-cont-open' ><main  role="main" itemprop="mainContentOfPage"  class='template-page content  av-content-small alpha units'><div class='post-entry post-entry-type-page post-entry-1196'><div class='entry-content-wrapper clearfix'>

<style type="text/css" data-created_by="avia_inline_auto" id="style-css-av-tdow-f4af0a41f637547f6f31653276c18d52">
#top .av-special-heading.av-tdow-f4af0a41f637547f6f31653276c18d52{
padding-bottom:10px;
}
body .av-special-heading.av-tdow-f4af0a41f637547f6f31653276c18d52 .av-special-heading-tag .heading-char{
font-size:25px;
}
.av-special-heading.av-tdow-f4af0a41f637547f6f31653276c18d52 .av-subheading{
font-size:15px;
}
</style>
<div  class='av-special-heading av-tdow-f4af0a41f637547f6f31653276c18d52 av-special-heading-h1 blockquote modern-quote  avia-builder-el-1  el_before_av_textblock  avia-builder-el-first '><h1 class='av-special-heading-tag '  itemprop="headline"  >¿Quieres venir a visitarnos?</h1><div class="special-heading-border"><div class="special-heading-inner-border"></div></div></div>

<style type="text/css" data-created_by="avia_inline_auto" id="style-css-av-kj757r8y-733eb22ccdc1b7bda6ebd93b94c1941b">
#top .av_textblock_section.av-kj757r8y-733eb22ccdc1b7bda6ebd93b94c1941b .avia_textblock{
font-size:18px;
}
</style>
<section  class='av_textblock_section av-kj757r8y-733eb22ccdc1b7bda6ebd93b94c1941b '   itemscope="itemscope" itemtype="https://schema.org/CreativeWork" ><div class='avia_textblock'  itemprop="text" ><p>Gracias por el interés, si has llegado a esta página es porque quieres reservar una visita guiada a la Escuela Infantil Mafalda.</p>
</div></section>

</div></div></main><!-- close content main element --></div></div><div id='av_section_2'  class='avia-section av-kj757vjf-2-36427030b494f25313b499316a0923ee main_color avia-section-default avia-no-border-styling  avia-builder-el-3  el_after_av_section  avia-builder-el-last  avia-bg-style-scroll container_wrap sidebar_right'  ><div class='container av-section-cont-open' ><div class='template-page content  av-content-small alpha units'><div class='post-entry post-entry-type-page post-entry-1196'><div class='entry-content-wrapper clearfix'>

<style type="text/css" data-created_by="avia_inline_auto" id="style-css-av-1fq60-b5435fc746c55602b97f44523dcee0f1">
.flex_column.av-1fq60-b5435fc746c55602b97f44523dcee0f1{
border-radius:0px 0px 0px 0px;
padding:0px 0px 0px 0px;
}
</style>
<div  class='flex_column av-1fq60-b5435fc746c55602b97f44523dcee0f1 av_one_full  avia-builder-el-4  el_before_av_one_full  avia-builder-el-first  first flex_column_div av-zero-column-padding  '     ><section  class='av_textblock_section av-kj757r8y-1-b437f5d9b80abe79b7a6d6e2f1fea7c6 '   itemscope="itemscope" itemtype="https://schema.org/CreativeWork" ><div class='avia_textblock'  itemprop="text" ><p>Reserva tu cita y tendrás la oportunidad de conocer las instalaciones, así como nuestro proyecto educativo, de manera presencial o virtual. Tendrás una conversación personalizada con nuestro equipo para poder resolver todas tus dudas.</p>
<p><strong>Te esperamos!</strong></p>
<blockquote>
<p>Rellena el formulario y nos pondremos en contacto contigo lo antes posible.</p>
</blockquote>
</div></section></div>
<style type="text/css" data-created_by="avia_inline_auto" id="style-css-av-r2l8-56f5df2f3f9cef6f1067d126a283be30">
.flex_column.av-r2l8-56f5df2f3f9cef6f1067d126a283be30{
border-radius:0px 0px 0px 0px;
padding:0px 0px 0px 0px;
}
</style>
<div  class='flex_column av-r2l8-56f5df2f3f9cef6f1067d126a283be30 av_one_full  avia-builder-el-6  el_after_av_one_full  avia-builder-el-last  first flex_column_div av-zero-column-padding  column-top-margin'     ><p>
<style type="text/css" data-created_by="avia_inline_auto" id="style-css-av-mbys8pz6-fbbf9985283cef0d78f94cb6dd14f9f5">
#top .av_textblock_section.av-mbys8pz6-fbbf9985283cef0d78f94cb6dd14f9f5 .avia_textblock{
color:#b02b2c;
}
</style>
<section  class='av_textblock_section av-mbys8pz6-fbbf9985283cef0d78f94cb6dd14f9f5 '   itemscope="itemscope" itemtype="https://schema.org/CreativeWork" ><div class='av-desktop-hide av-medium-hide av-small-hide av-mini-hide avia_textblock av_inherit_color'  itemprop="text" ><p>El formulario para visitar la escuela está cerrado y volverá a estar disponible en septiembre. ¡Gracias por tu interés!</p>
</div></section><br />
</p></div></div></div></div><!-- close content main div --></div></div><div id='after_section_2'  class='main_color av_default_container_wrap container_wrap sidebar_right'  ><div class='container av-section-cont-open' ><div class='template-page content  av-content-small alpha units'><div class='post-entry post-entry-type-page post-entry-1196'><div class='entry-content-wrapper clearfix'>
