{"id":1200,"date":"2020-11-13T12:52:50","date_gmt":"2020-11-13T10:52:50","guid":{"rendered":"http:\/\/www.escolamafalda.cat\/politica-de-privacitat\/"},"modified":"2023-04-15T08:43:51","modified_gmt":"2023-04-15T06:43:51","slug":"politica-de-privacidad","status":"publish","type":"page","link":"https:\/\/www.escolamafalda.cat\/es\/politica-de-privacidad\/","title":{"rendered":"Pol\u00edtica de privacidad"},"content":{"rendered":"\n<style type=\"text\/css\" data-created_by=\"avia_inline_auto\" id=\"style-css-av-kj757vjf-77ee56b070a403312b8c13e0728c66f1\">\n.avia-section.av-kj757vjf-77ee56b070a403312b8c13e0728c66f1{\nbackground-color:#f6f7fa;\nbackground-image:unset;\n}\n<\/style>\n<div id='av_section_1'  class='avia-section av-kj757vjf-77ee56b070a403312b8c13e0728c66f1 main_color avia-section-default avia-no-border-styling  avia-builder-el-0  el_before_av_one_full  avia-builder-el-first  avia-bg-style-scroll container_wrap sidebar_right'  ><div class='container av-section-cont-open' ><main  role=\"main\" itemprop=\"mainContentOfPage\"  class='template-page content  av-content-small alpha units'><div class='post-entry post-entry-type-page post-entry-1200'><div class='entry-content-wrapper clearfix'>\n\n<style type=\"text\/css\" data-created_by=\"avia_inline_auto\" id=\"style-css-av-kk8jkguz-d5b1f416ebb1b173625a24b24bc4c0a0\">\n#top .av-special-heading.av-kk8jkguz-d5b1f416ebb1b173625a24b24bc4c0a0{\npadding-bottom:10px;\n}\nbody .av-special-heading.av-kk8jkguz-d5b1f416ebb1b173625a24b24bc4c0a0 .av-special-heading-tag .heading-char{\nfont-size:25px;\n}\n.av-special-heading.av-kk8jkguz-d5b1f416ebb1b173625a24b24bc4c0a0 .av-subheading{\nfont-size:15px;\n}\n<\/style>\n<div  class='av-special-heading av-kk8jkguz-d5b1f416ebb1b173625a24b24bc4c0a0 av-special-heading-h1 blockquote modern-quote  avia-builder-el-1  avia-builder-el-no-sibling '><h1 class='av-special-heading-tag '  itemprop=\"headline\"  >Pol\u00edtica de privacidad<\/h1><div class=\"special-heading-border\"><div class=\"special-heading-inner-border\"><\/div><\/div><\/div>\n<\/div><\/div><\/main><!-- close content main element --><\/div><\/div><div id='after_section_1'  class='main_color av_default_container_wrap container_wrap sidebar_right'  ><div class='container av-section-cont-open' ><div class='template-page content  av-content-small alpha units'><div class='post-entry post-entry-type-page post-entry-1200'><div class='entry-content-wrapper clearfix'>\n<style type=\"text\/css\" data-created_by=\"avia_inline_auto\" id=\"style-css-av-7n4fn-23f44c5baddc65dd165ab541e5614ad3\">\n.flex_column.av-7n4fn-23f44c5baddc65dd165ab541e5614ad3{\nborder-radius:0px 0px 0px 0px;\npadding:0px 0px 0px 0px;\n}\n<\/style>\n<div  class='flex_column av-7n4fn-23f44c5baddc65dd165ab541e5614ad3 av_one_full  avia-builder-el-2  el_after_av_section  avia-builder-el-no-sibling  first flex_column_div av-zero-column-padding  '     ><section  class='av_textblock_section av-kk8jm41j-09835144d3bb2eb0bdef4a7f24458e6c '   itemscope=\"itemscope\" itemtype=\"https:\/\/schema.org\/CreativeWork\" ><div class='avia_textblock'  itemprop=\"text\" ><p><span style=\"font-weight: 400;\">En cumplimiento de lo establecido en el Reglamento (UE) 2016\/679, de Protecci\u00f3n de Datos de Car\u00e1cter Personal (en adelante RGPD), le informamos que los datos de car\u00e1cter personal que nos proporcione, as\u00ed como aquellos datos a los que se acceda como consecuencia de su navegaci\u00f3n en el portal, pasar\u00e1n a formar parte del tratamiento Usuarios@web propiedad de Associaci\u00f3 Pedag\u00f2gica Mafalda , con CIF G64638844 y con domicilio social en Rambla Poblenou 157 08018, Barcelona.<\/span><\/p>\n<p><span style=\"font-weight: 400;\">La finalidad de dicho tratamiento es la gesti\u00f3n, prestaci\u00f3n y mejora de los servicios y productos ofrecidos en cada momento por Associaci\u00f3 Pedag\u00f2gica Mafaldaen el portal y fuera de \u00e9l, el seguimiento comercial y remisi\u00f3n de informaci\u00f3n actualizada de los productos y servicios relacionados, presentes y futuros, y, en su caso, la realizaci\u00f3n de las actividades de facturaci\u00f3n y cualesquiera otras que pudieran resultar necesarias para llevar a cabo la relaci\u00f3n contractual que pudiera establecerse entre usted y Associaci\u00f3 Pedag\u00f2gica Mafalda.<\/span><\/p>\n<p><span style=\"font-weight: 400;\">Del mismo modo, Associaci\u00f3 Pedag\u00f2gica Mafaldacompromete a no ceder sus datos a terceras personas con ning\u00fan tipo de fin salvo consentimiento expreso por su parte. A estos efectos, usted presta su consentimiento expreso a la cesi\u00f3n y tratamiento de sus datos personales por la entidad de Associaci\u00f3 Pedag\u00f2gica Mafalda para fines administrativos internos.<\/span><\/p>\n<p><span style=\"font-weight: 400;\">Usted podr\u00e1 ejercitar en todo momento su derecho de acceso, rectificaci\u00f3n, cancelaci\u00f3n, oposici\u00f3n, portabilidad y derecho al olvido al tratamiento de sus datos personales, por los siguientes medios:<\/span><\/p>\n<p><span style=\"font-weight: 400;\">1) Correo electr\u00f3nico, en la secci\u00f3n <em>escolainfantilmafalda@gmail.com<\/em><\/span><\/p>\n<p><span style=\"font-weight: 400;\">2) Comunicaci\u00f3n escrita dirigida a Rambla Poblenou 157 08018, Barcelona.<\/span><\/p>\n<p><span style=\"font-weight: 400;\">Asimismo, mediante la cumplimentaci\u00f3n, registro y\/o remisi\u00f3n de los formularios de datos que se contienen en este portal, usted puede prestar a trav\u00e9s del formulario web su consentimiento expreso al env\u00edo de comunicaciones comerciales, promocionales y publicitarias (incluido por correo electr\u00f3nico y medios de comunicaci\u00f3n electr\u00f3nica equivalentes) referentes a los servicios relacionados, presentes y futuros, ofrecidos por la entidad de Associaci\u00f3 Pedag\u00f2gica Mafalda. Se identificar\u00e1n mediante la palabra &#8216;publicidad&#8217; aquellos correos o newsletters que contengan comunicaciones comerciales o promociones,<\/span><\/p>\n<p><span style=\"font-weight: 400;\">exclusivamente. Usted podr\u00e1, en cualquier momento, revocar dicho consentimiento con la simple notificaci\u00f3n de su voluntad, a trav\u00e9s de correo electr\u00f3nico, o en la direcci\u00f3n Rambla Poblenou 157 08018, Barcelona.<\/span><\/p>\n<p><span style=\"font-weight: 400;\">Le informamos que tenemos implantadas las medidas de seguridad de \u00edndole t\u00e9cnica y organizativas necesarias, de conformidad con la normativa vigente, para garantizar la seguridad de sus datos de car\u00e1cter personal y evitar su alteraci\u00e1n, p\u00e9rdida y tratamiento y\/o acceso no autorizado, habida cuenta del estado de la tecnolog\u00eda, la naturaleza de los datos almacenados y los riesgos a que est\u00e1n expuestos, ya provengan de la acci\u00f3n humana o del medio f\u00edsico o natural.<\/span><\/p>\n<p><span style=\"font-weight: 400;\">No seremos en ning\u00fan caso responsables de la licitud, veracidad y exactitud de los datos suministrados por usted. Queda bajo su exclusiva responsabilidad la notificaci\u00f3n de cualquier modificaci\u00f3n en los mismos.<\/span><\/p>\n<p><span style=\"font-weight: 400;\">Esta pol\u00edtica de privacidad s\u00f3lo es de aplicaci\u00f3n a la p\u00e1gina web www.escolamafalda.cat propiedad de Associaci\u00f3 Pedag\u00f2gica Mafalda, no se garantiza en los accesos a trav\u00e9s de enlaces con este sitio, ni a los enlaces desde este sitio con otras webs.<\/span><\/p>\n<\/div><\/section><\/div><\/p>\n","protected":false},"excerpt":{"rendered":"","protected":false},"author":1,"featured_media":0,"parent":0,"menu_order":0,"comment_status":"closed","ping_status":"closed","template":"","meta":{"footnotes":""},"class_list":["post-1200","page","type-page","status-publish","hentry"],"yoast_head":"<!-- This site is optimized with the Yoast SEO plugin v27.4 - https:\/\/yoast.com\/product\/yoast-seo-wordpress\/ -->\n<title>Pol\u00edtica de privacidad - Escola Mafalda<\/title>\n<meta name=\"robots\" content=\"index, follow, max-snippet:-1, max-image-preview:large, max-video-preview:-1\" \/>\n<link rel=\"canonical\" href=\"https:\/\/www.escolamafalda.cat\/es\/politica-de-privacidad\/\" \/>\n<meta property=\"og:locale\" content=\"es_ES\" \/>\n<meta property=\"og:type\" content=\"article\" \/>\n<meta property=\"og:title\" content=\"Pol\u00edtica de privacidad - Escola Mafalda\" \/>\n<meta property=\"og:url\" content=\"https:\/\/www.escolamafalda.cat\/es\/politica-de-privacidad\/\" \/>\n<meta property=\"og:site_name\" content=\"Escola Mafalda\" \/>\n<meta property=\"article:modified_time\" content=\"2023-04-15T06:43:51+00:00\" \/>\n<meta name=\"twitter:card\" content=\"summary_large_image\" \/>\n<meta name=\"twitter:label1\" content=\"Tiempo de lectura\" \/>\n\t<meta name=\"twitter:data1\" content=\"4 minutos\" \/>\n<script type=\"application\/ld+json\" class=\"yoast-schema-graph\">{\"@context\":\"https:\\\/\\\/schema.org\",\"@graph\":[{\"@type\":\"WebPage\",\"@id\":\"https:\\\/\\\/www.escolamafalda.cat\\\/es\\\/politica-de-privacidad\\\/\",\"url\":\"https:\\\/\\\/www.escolamafalda.cat\\\/es\\\/politica-de-privacidad\\\/\",\"name\":\"Pol\u00edtica de privacidad - Escola Mafalda\",\"isPartOf\":{\"@id\":\"https:\\\/\\\/www.escolamafalda.cat\\\/es\\\/#website\"},\"datePublished\":\"2020-11-13T10:52:50+00:00\",\"dateModified\":\"2023-04-15T06:43:51+00:00\",\"breadcrumb\":{\"@id\":\"https:\\\/\\\/www.escolamafalda.cat\\\/es\\\/politica-de-privacidad\\\/#breadcrumb\"},\"inLanguage\":\"es\",\"potentialAction\":[{\"@type\":\"ReadAction\",\"target\":[\"https:\\\/\\\/www.escolamafalda.cat\\\/es\\\/politica-de-privacidad\\\/\"]}]},{\"@type\":\"BreadcrumbList\",\"@id\":\"https:\\\/\\\/www.escolamafalda.cat\\\/es\\\/politica-de-privacidad\\\/#breadcrumb\",\"itemListElement\":[{\"@type\":\"ListItem\",\"position\":1,\"name\":\"Inici\",\"item\":\"https:\\\/\\\/www.escolamafalda.cat\\\/es\\\/\"},{\"@type\":\"ListItem\",\"position\":2,\"name\":\"Pol\u00edtica de privacidad\"}]},{\"@type\":\"WebSite\",\"@id\":\"https:\\\/\\\/www.escolamafalda.cat\\\/es\\\/#website\",\"url\":\"https:\\\/\\\/www.escolamafalda.cat\\\/es\\\/\",\"name\":\"Escola Mafalda\",\"description\":\"escola infantil autoritzada pel Departament d\u2019Ensenyament de la Generalitat de Catalunya\",\"potentialAction\":[{\"@type\":\"SearchAction\",\"target\":{\"@type\":\"EntryPoint\",\"urlTemplate\":\"https:\\\/\\\/www.escolamafalda.cat\\\/es\\\/?s={search_term_string}\"},\"query-input\":{\"@type\":\"PropertyValueSpecification\",\"valueRequired\":true,\"valueName\":\"search_term_string\"}}],\"inLanguage\":\"es\"}]}<\/script>\n<!-- \/ Yoast SEO plugin. -->","yoast_head_json":{"title":"Pol\u00edtica de privacidad - Escola Mafalda","robots":{"index":"index","follow":"follow","max-snippet":"max-snippet:-1","max-image-preview":"max-image-preview:large","max-video-preview":"max-video-preview:-1"},"canonical":"https:\/\/www.escolamafalda.cat\/es\/politica-de-privacidad\/","og_locale":"es_ES","og_type":"article","og_title":"Pol\u00edtica de privacidad - Escola Mafalda","og_url":"https:\/\/www.escolamafalda.cat\/es\/politica-de-privacidad\/","og_site_name":"Escola Mafalda","article_modified_time":"2023-04-15T06:43:51+00:00","twitter_card":"summary_large_image","twitter_misc":{"Tiempo de lectura":"4 minutos"},"schema":{"@context":"https:\/\/schema.org","@graph":[{"@type":"WebPage","@id":"https:\/\/www.escolamafalda.cat\/es\/politica-de-privacidad\/","url":"https:\/\/www.escolamafalda.cat\/es\/politica-de-privacidad\/","name":"Pol\u00edtica de privacidad - Escola Mafalda","isPartOf":{"@id":"https:\/\/www.escolamafalda.cat\/es\/#website"},"datePublished":"2020-11-13T10:52:50+00:00","dateModified":"2023-04-15T06:43:51+00:00","breadcrumb":{"@id":"https:\/\/www.escolamafalda.cat\/es\/politica-de-privacidad\/#breadcrumb"},"inLanguage":"es","potentialAction":[{"@type":"ReadAction","target":["https:\/\/www.escolamafalda.cat\/es\/politica-de-privacidad\/"]}]},{"@type":"BreadcrumbList","@id":"https:\/\/www.escolamafalda.cat\/es\/politica-de-privacidad\/#breadcrumb","itemListElement":[{"@type":"ListItem","position":1,"name":"Inici","item":"https:\/\/www.escolamafalda.cat\/es\/"},{"@type":"ListItem","position":2,"name":"Pol\u00edtica de privacidad"}]},{"@type":"WebSite","@id":"https:\/\/www.escolamafalda.cat\/es\/#website","url":"https:\/\/www.escolamafalda.cat\/es\/","name":"Escola Mafalda","description":"escola infantil autoritzada pel Departament d\u2019Ensenyament de la Generalitat de Catalunya","potentialAction":[{"@type":"SearchAction","target":{"@type":"EntryPoint","urlTemplate":"https:\/\/www.escolamafalda.cat\/es\/?s={search_term_string}"},"query-input":{"@type":"PropertyValueSpecification","valueRequired":true,"valueName":"search_term_string"}}],"inLanguage":"es"}]}},"_links":{"self":[{"href":"https:\/\/www.escolamafalda.cat\/es\/wp-json\/wp\/v2\/pages\/1200","targetHints":{"allow":["GET"]}}],"collection":[{"href":"https:\/\/www.escolamafalda.cat\/es\/wp-json\/wp\/v2\/pages"}],"about":[{"href":"https:\/\/www.escolamafalda.cat\/es\/wp-json\/wp\/v2\/types\/page"}],"author":[{"embeddable":true,"href":"https:\/\/www.escolamafalda.cat\/es\/wp-json\/wp\/v2\/users\/1"}],"replies":[{"embeddable":true,"href":"https:\/\/www.escolamafalda.cat\/es\/wp-json\/wp\/v2\/comments?post=1200"}],"version-history":[{"count":2,"href":"https:\/\/www.escolamafalda.cat\/es\/wp-json\/wp\/v2\/pages\/1200\/revisions"}],"predecessor-version":[{"id":1285,"href":"https:\/\/www.escolamafalda.cat\/es\/wp-json\/wp\/v2\/pages\/1200\/revisions\/1285"}],"wp:attachment":[{"href":"https:\/\/www.escolamafalda.cat\/es\/wp-json\/wp\/v2\/media?parent=1200"}],"curies":[{"name":"wp","href":"https:\/\/api.w.org\/{rel}","templated":true}]}}

Política de privacidad

<style type="text/css" data-created_by="avia_inline_auto" id="style-css-av-kj757vjf-77ee56b070a403312b8c13e0728c66f1">
.avia-section.av-kj757vjf-77ee56b070a403312b8c13e0728c66f1{
background-color:#f6f7fa;
background-image:unset;
}
</style>
<div id='av_section_1'  class='avia-section av-kj757vjf-77ee56b070a403312b8c13e0728c66f1 main_color avia-section-default avia-no-border-styling  avia-builder-el-0  el_before_av_one_full  avia-builder-el-first  avia-bg-style-scroll container_wrap sidebar_right'  ><div class='container av-section-cont-open' ><main  role="main" itemprop="mainContentOfPage"  class='template-page content  av-content-small alpha units'><div class='post-entry post-entry-type-page post-entry-1200'><div class='entry-content-wrapper clearfix'>

<style type="text/css" data-created_by="avia_inline_auto" id="style-css-av-kk8jkguz-d5b1f416ebb1b173625a24b24bc4c0a0">
#top .av-special-heading.av-kk8jkguz-d5b1f416ebb1b173625a24b24bc4c0a0{
padding-bottom:10px;
}
body .av-special-heading.av-kk8jkguz-d5b1f416ebb1b173625a24b24bc4c0a0 .av-special-heading-tag .heading-char{
font-size:25px;
}
.av-special-heading.av-kk8jkguz-d5b1f416ebb1b173625a24b24bc4c0a0 .av-subheading{
font-size:15px;
}
</style>
<div  class='av-special-heading av-kk8jkguz-d5b1f416ebb1b173625a24b24bc4c0a0 av-special-heading-h1 blockquote modern-quote  avia-builder-el-1  avia-builder-el-no-sibling '><h1 class='av-special-heading-tag '  itemprop="headline"  >Política de privacidad</h1><div class="special-heading-border"><div class="special-heading-inner-border"></div></div></div>
</div></div></main><!-- close content main element --></div></div><div id='after_section_1'  class='main_color av_default_container_wrap container_wrap sidebar_right'  ><div class='container av-section-cont-open' ><div class='template-page content  av-content-small alpha units'><div class='post-entry post-entry-type-page post-entry-1200'><div class='entry-content-wrapper clearfix'>
<style type="text/css" data-created_by="avia_inline_auto" id="style-css-av-7n4fn-23f44c5baddc65dd165ab541e5614ad3">
.flex_column.av-7n4fn-23f44c5baddc65dd165ab541e5614ad3{
border-radius:0px 0px 0px 0px;
padding:0px 0px 0px 0px;
}
</style>
<div  class='flex_column av-7n4fn-23f44c5baddc65dd165ab541e5614ad3 av_one_full  avia-builder-el-2  el_after_av_section  avia-builder-el-no-sibling  first flex_column_div av-zero-column-padding  '     ><section  class='av_textblock_section av-kk8jm41j-09835144d3bb2eb0bdef4a7f24458e6c '   itemscope="itemscope" itemtype="https://schema.org/CreativeWork" ><div class='avia_textblock'  itemprop="text" ><p><span style="font-weight: 400;">En cumplimiento de lo establecido en el Reglamento (UE) 2016/679, de Protección de Datos de Carácter Personal (en adelante RGPD), le informamos que los datos de carácter personal que nos proporcione, así como aquellos datos a los que se acceda como consecuencia de su navegación en el portal, pasarán a formar parte del tratamiento Usuarios@web propiedad de Associació Pedagògica Mafalda , con CIF G64638844 y con domicilio social en Rambla Poblenou 157 08018, Barcelona.</span></p>
<p><span style="font-weight: 400;">La finalidad de dicho tratamiento es la gestión, prestación y mejora de los servicios y productos ofrecidos en cada momento por Associació Pedagògica Mafaldaen el portal y fuera de él, el seguimiento comercial y remisión de información actualizada de los productos y servicios relacionados, presentes y futuros, y, en su caso, la realización de las actividades de facturación y cualesquiera otras que pudieran resultar necesarias para llevar a cabo la relación contractual que pudiera establecerse entre usted y Associació Pedagògica Mafalda.</span></p>
<p><span style="font-weight: 400;">Del mismo modo, Associació Pedagògica Mafaldacompromete a no ceder sus datos a terceras personas con ningún tipo de fin salvo consentimiento expreso por su parte. A estos efectos, usted presta su consentimiento expreso a la cesión y tratamiento de sus datos personales por la entidad de Associació Pedagògica Mafalda para fines administrativos internos.</span></p>
<p><span style="font-weight: 400;">Usted podrá ejercitar en todo momento su derecho de acceso, rectificación, cancelación, oposición, portabilidad y derecho al olvido al tratamiento de sus datos personales, por los siguientes medios:</span></p>
<p><span style="font-weight: 400;">1) Correo electrónico, en la sección <em>escolainfantilmafalda@gmail.com</em></span></p>
<p><span style="font-weight: 400;">2) Comunicación escrita dirigida a Rambla Poblenou 157 08018, Barcelona.</span></p>
<p><span style="font-weight: 400;">Asimismo, mediante la cumplimentación, registro y/o remisión de los formularios de datos que se contienen en este portal, usted puede prestar a través del formulario web su consentimiento expreso al envío de comunicaciones comerciales, promocionales y publicitarias (incluido por correo electrónico y medios de comunicación electrónica equivalentes) referentes a los servicios relacionados, presentes y futuros, ofrecidos por la entidad de Associació Pedagògica Mafalda. Se identificarán mediante la palabra &#8216;publicidad&#8217; aquellos correos o newsletters que contengan comunicaciones comerciales o promociones,</span></p>
<p><span style="font-weight: 400;">exclusivamente. Usted podrá, en cualquier momento, revocar dicho consentimiento con la simple notificación de su voluntad, a través de correo electrónico, o en la dirección Rambla Poblenou 157 08018, Barcelona.</span></p>
<p><span style="font-weight: 400;">Le informamos que tenemos implantadas las medidas de seguridad de índole técnica y organizativas necesarias, de conformidad con la normativa vigente, para garantizar la seguridad de sus datos de carácter personal y evitar su alteracián, pérdida y tratamiento y/o acceso no autorizado, habida cuenta del estado de la tecnología, la naturaleza de los datos almacenados y los riesgos a que están expuestos, ya provengan de la acción humana o del medio físico o natural.</span></p>
<p><span style="font-weight: 400;">No seremos en ningún caso responsables de la licitud, veracidad y exactitud de los datos suministrados por usted. Queda bajo su exclusiva responsabilidad la notificación de cualquier modificación en los mismos.</span></p>
<p><span style="font-weight: 400;">Esta política de privacidad sólo es de aplicación a la página web www.escolamafalda.cat propiedad de Associació Pedagògica Mafalda, no se garantiza en los accesos a través de enlaces con este sitio, ni a los enlaces desde este sitio con otras webs.</span></p>
</div></section></div></p>

<!-- This site is optimized with the Yoast SEO plugin v27.4 - https://yoast.com/product/yoast-seo-wordpress/ -->
<title>Política de privacidad - Escola Mafalda</title>
<meta name="robots" content="index, follow, max-snippet:-1, max-image-preview:large, max-video-preview:-1" />
<link rel="canonical" href="https://www.escolamafalda.cat/es/politica-de-privacidad/" />
<meta property="og:locale" content="es_ES" />
<meta property="og:type" content="article" />
<meta property="og:title" content="Política de privacidad - Escola Mafalda" />
<meta property="og:url" content="https://www.escolamafalda.cat/es/politica-de-privacidad/" />
<meta property="og:site_name" content="Escola Mafalda" />
<meta property="article:modified_time" content="2023-04-15T06:43:51+00:00" />
<meta name="twitter:card" content="summary_large_image" />
<meta name="twitter:label1" content="Tiempo de lectura" />
	<meta name="twitter:data1" content="4 minutos" />
<script type="application/ld+json" class="yoast-schema-graph">{"@context":"https:\/\/schema.org","@graph":[{"@type":"WebPage","@id":"https:\/\/www.escolamafalda.cat\/es\/politica-de-privacidad\/","url":"https:\/\/www.escolamafalda.cat\/es\/politica-de-privacidad\/","name":"Política de privacidad - Escola Mafalda","isPartOf":{"@id":"https:\/\/www.escolamafalda.cat\/es\/#website"},"datePublished":"2020-11-13T10:52:50+00:00","dateModified":"2023-04-15T06:43:51+00:00","breadcrumb":{"@id":"https:\/\/www.escolamafalda.cat\/es\/politica-de-privacidad\/#breadcrumb"},"inLanguage":"es","potentialAction":[{"@type":"ReadAction","target":["https:\/\/www.escolamafalda.cat\/es\/politica-de-privacidad\/"]}]},{"@type":"BreadcrumbList","@id":"https:\/\/www.escolamafalda.cat\/es\/politica-de-privacidad\/#breadcrumb","itemListElement":[{"@type":"ListItem","position":1,"name":"Inici","item":"https:\/\/www.escolamafalda.cat\/es\/"},{"@type":"ListItem","position":2,"name":"Política de privacidad"}]},{"@type":"WebSite","@id":"https:\/\/www.escolamafalda.cat\/es\/#website","url":"https:\/\/www.escolamafalda.cat\/es\/","name":"Escola Mafalda","description":"escola infantil autoritzada pel Departament d’Ensenyament de la Generalitat de Catalunya","potentialAction":[{"@type":"SearchAction","target":{"@type":"EntryPoint","urlTemplate":"https:\/\/www.escolamafalda.cat\/es\/?s={search_term_string}"},"query-input":{"@type":"PropertyValueSpecification","valueRequired":true,"valueName":"search_term_string"}}],"inLanguage":"es"}]}</script>
<!-- / Yoast SEO plugin. -->

Política de privacidad - Escola Mafalda
